 (1/(-2))/1*-2. Let z = -13 - -1. What are the prime factors of c/6 + (-70)/z?
2, 3
Let a(j) be the third derivative of j**4/24 + 11*j**3/6 + j**2. Let u be a(0). Let s = -6 + u. List the prime factors of s.
5
Let x(h) = h - 1. Let s be x(6). Suppose -2*r + 5*y = 65, 0*r - 2*r - s*y = 15. List the prime factors of (r/6)/((-2)/6).
2, 5
Suppose -308 = -5*c + 152. List the prime factors of c.
2, 23
Suppose -2*a + 27 = -1. Suppose 0*f = f + 2*c - 11, -8 = -3*f - c. Suppose -3*m + a = -f. List the prime factors of m.
5
Suppose -4*x + 23 = r, 2*r - 5*x - 41 = r. What are the prime factors of r?
31
Suppose -3*b + 9 + 15 = 0. Suppose 2*f - 40 = -b. List the prime factors of f.
2
Suppose -k - 3*i + 0*i = -63, i = k - 75. Let s = k - 28. What are the prime factors of s?
2, 11
Let c = 137 + -45. Suppose 0 = -5*l + 3 + c. Suppose l = 5*x - a, 0 = -2*x - x - 4*a - 7. List the prime factors of x.
3
Let p(l) = -l**3 - 5*l**2 - 3*l + 6. Let j be p(-5). What are the prime factors of 555/j + (-4)/(-7)?
3
Suppose 3*n - 3*k - 81 = -0*k, 4*k = -16. Let i = -14 + n. What are the prime factors of i?
3
Suppose 33 = 3*f + 2*y - 5*y, 3*y - 9 = 0. What are the prime factors of f?
2, 7
Suppose 5*u + 17 = 4*g + 358, -5*g = -5. What are the prime factors of u?
3, 23
Suppose 3*p - 124 = -2*z + 3*z, -2*z = -2*p + 80. What are the prime factors of p?
2, 3, 7
Let c = 41 - -66. List the prime factors of c.
107
Suppose 2*w - 16 = -l + 5*l, -3*w - 4*l + 4 = 0. Suppose -3*x = w*r - 8, -4*x + r - 2*r - 11 = 0. Let k(p) = -3*p - 3. What are the prime factors of k(x)?
3
Suppose 0 = w + 5, x - 9 - 9 = -4*w. List the prime factors of x.
2, 19
Suppose -d + 12 = d. Suppose d*m = m + 90. What are the prime factors of m?
2, 3
Let a(p) = -p**3 - 3*p**2 + 6*p + 6. Let x be a(-4). Let u = 4 + x. List the prime factors of u.
2
Let w(h) = -h**3 + 5*h**2 + 5*h + 8. Let b be w(6). Suppose -b*u + 4 = -12. List the prime factors of u.
2
Let s be 743/5 - 3/5. Let y be 4/(-6) + s/6. Suppose -3*q - 3*z + y = -0, 2*z - 4 = 0. List the prime factors of q.
2, 3
Let p(v) = -14*v + 11. What are the prime factors of p(-12)?
179
Let y = -90 - -138. What are the prime factors of y?
2, 3
Suppose -838 = -11*w + 240. List the prime factors of w.
2, 7
Let m be 1 + 1 + (-5 - -2). List the prime factors of 6/9*m*-18.
2, 3
Let r(h) be the first derivative of h**5/40 + h**4/24 - h**3 - 2. Let g(k) be the third derivative of r(k). What are the prime factors of g(2)?
7
Let u = 2 + -13. Let g = -4 - u. Suppose y = 21 - g. List the prime factors of y.
2, 7
Let z(r) = 13 + r**3 + 4*r**3 - r - 6*r**3 + 3. What are the prime factors of z(0)?
2
Let c(w) = -w. Let m(i) = 6*i - 3. Let t(s) = 2*c(s) + m(s). List the prime factors of t(8).
29
Let d(o) = o**3 + o**2. Let v be d(1). Let b be ((-3)/6)/(v/(-12)). Let m(s) = 2*s**3 - 5*s**2 + 3*s - 1. List the prime factors of m(b).
17
Let l = -57 - -91. Suppose -6*f + f + 46 = 4*v, 4*v - l = -3*f. List the prime factors of f.
2, 3
Suppose 5*r + 94 = -w + 441, 3*r - 729 = -2*w. What are the prime factors of w?
2, 3, 31
Suppose -12 = -0*v + 3*v. Let u(t) be the second derivative of -t**3/3 + 2*t**2 - 2*t. What are the prime factors of u(v)?
2, 3
Let j = -5 + 3. Let l = j + 5. List the prime factors of (-4)/l*3/(-2).
2
Let l(c) = -c**2 - 10*c - 1. What are the prime factors of l(-9)?
2
Let c(w) = -w**3 - 11*w**2 - 12*w + 9. What are the prime factors of c(-11)?
3, 47
Suppose 0 = 4*x - 130 - 142. List the prime factors of x.
2, 17
Let y = 53 + 56. What are the prime factors of y?
109
List the prime factors of (-110)/(-6) + 24/36.
19
Let p(c) = -9*c + 3. Let x(s) = -9*s + 4. Let m(y) = 4*p(y) - 3*x(y). What are the prime factors of m(-3)?
3
Let q = 497 - 331. List the prime factors of q.
2, 83
Let t(m) = m**2 + 2*m - 3. Suppose -32 = 4*u - 4*v, -2 = 4*u + 3*v - 5. Let g = -1 - u. What are the prime factors of t(g)?
5
Let o be (3*-5)/(-3) + 0. Let w(f) = -f + 5. Let i be w(3). Let x = o - i. What are the prime factors of x?
3
Let s(p) = -2*p**3 - 6*p**2 - p. List the prime factors of s(-4).
2, 3
Let o = 4 + 1. Let w be (-6)/(-2)*-2*-1. Suppose o*l - w = 9, z - 10 = -2*l. What are the prime factors of z?
2
Suppose 0 = -13*m + 20*m - 1113. List the prime factors of m.
3, 53
List the prime factors of (1 - 14)/((-2)/10).
5, 13
Suppose -4*d + 170 = -2*w - 0*w, -3*d + w = -128. Suppose -q - d = -2*k + 2*q, 37 = 3*k + q. What are the prime factors of k?
2, 7
Let r(x) = 4 + 10*x - 7*x + 1. List the prime factors of r(7).
2, 13
Suppose -2*c + 9 = c. Let j(t) = 3 + 3*t - 2*t + t**c - 5*t**2 + 1. What are the prime factors of j(5)?
3
Let z(c) = -3*c - 1. Let p be z(-2). Suppose 2*k = -5*m + 47 - p, -5*m - 3*k = -43. List the prime factors of (m/(-3))/((-2)/6).
2
Suppose -5*g + 6 = 4*o, -8*g + 3*o = -4*g - 11. Suppose -g*f = -2*y - 54, f = -y - 4*f - 3. List the prime factors of (-12)/16 + y/(-4).
5
Let o(q) = 3*q**2 - 4. Let p be o(3). Suppose 0 = -n + 3*s + p, -2*n = -5*s - 27 - 14. List the prime factors of n.
2
Let t be (-12 - -13) + 30/(-1). List the prime factors of 0 - 1 - 1*t.
2, 7
Suppose -d + 5 = j, -5*j + 2*j = -4*d + 27. Suppose m - d = -3*g, m = -0*g - g + 6. List the prime factors of m.
2, 3
Let s = -12 - -17. Suppose 4*x = -12, s*l + x - 195 + 58 = 0. List the prime factors of l.
2, 7
Let t = 10 + -20. What are the prime factors of (5/t)/((-2)/20)?
5
Let c(y) = y**3 + 3*y**2 - 5*y + 2. Let u be c(-4). Suppose -f = -u - 6. List the prime factors of f.
2, 3
Let p(k) = -k**3 + 9*k**2 + 8*k + 4. What are the prime factors of p(5)?
2, 3
Let p = 50 + -11. List the prime factors of p.
3, 13
Suppose 109 = 8*k - 875. List the prime factors of k.
3, 41
Let f = -42 + 97. What are the prime factors of f?
5, 11
Let f(x) = -x**3 + 9*x**2 + 11*x - 13. Let b be f(10). Let u(t) = -t**2 - 5*t - 4. List the prime factors of u(b).
2
Suppose -9*r - 2*r + 990 = 0. List the prime factors of r.
2, 3, 5
Suppose 23 = 3*l + 8. Let o(g) = -g + 7. List the prime factors of o(l).
2
Let s(f) = 3 - 8 - 4 - 2*f + 3. List the prime factors of s(-10).
2, 7
Suppose 0 = -4*o + 6*o + 4. Let u(b) = 4*b**2 + 4*b + 3. What are the prime factors of u(o)?
11
Let g = 46 - 4. What are the prime factors of g?
2, 3, 7
Let x(w) = -w**2 + 3*w + 5. Let o be x(4). Let k be (0 + -4)/((-2)/o). List the prime factors of 58/4 + k/(-4).
2, 7
Let d be 0 - 3*6/9. Let k(o) = -o**2 - 3*o + 2. Let y be k(d). Let n = -2 + y. What are the prime factors of n?
2
Suppose 0 = -m + 2*m + 1. List the prime factors of m/((-2)/(-3 + 7)).
2
Let o = -44 + 108. What are the prime factors of o?
2
Suppose 3*l + 2*l = 3*i + 161, 2*l = -4*i + 54. List the prime factors of l.
31
List the prime factors of ((-36)/(-7))/((-3)/(-14)).
2, 3
Suppose -4*m + 4*x - 8 = 0, x + 0 = 2*m + 2. Suppose i + m*i + 3*r - 26 = 0, 4*i + 4*r - 80 = 0. What are the prime factors of i?
17
Let g(s) = -s**3 + 11*s**2 - 3*s + 8. List the prime factors of g(10).
2, 3, 13
Suppose 0*m + 34 = 2*m. Let i = m + -12. What are the prime factors of i?
5
Let d = -2 + 1. Let i(z) = 6*z**2 - 11*z + 3. Let x(a) = -a**2 + a. Let t(s) = d*i(s) - 5*x(s). List the prime factors of t(5).
2
Suppose x - 1 - 2 = 0. What are the prime factors of x?
3
Suppose -4*s - 4*m = -8*s + 796, -5*s + 991 = -m. List the prime factors of s.
2, 3, 11
Let q = 4 + 0. Let m = -9 + 16. Suppose -60 = -5*g + 2*y, m*g = q*g - 5*y + 5. List the prime factors of g.
2, 5
Suppose -3*d - 24 = d. What are the prime factors of (20/d)/((-3)/18)?
2, 5
Let h = 14 - 9. Let x(q) = -q**2 + 9*q - 4. What are the prime factors of x(h)?
2
Suppose 239 - 53 = 3*a. What are the prime factors of a?
2, 31
Suppose 7*v + 40 = 187. What are the prime factors of v?
3, 7
Let g(t) = -10*t. Suppose 0 = -v - v + 6. Suppose v*m + m = -4. What are the prime factors of g(m)?
2, 5
Let u = -6 + 12. Let o(x) = x**3 + 7*x**2 - 8*x. Let a be o(-8). Let m = a + u. What are the prime factors of m?
2, 3
Suppose 2*i + 2*i + 5*v = 8, -3*i + 3*v + 33 = 0. Let n = 7 - i. List the prime factors of n - (3 - (9 + -3)).
3
Suppose 4*c - 60 = c. List the prime factors of c.
2, 5
Let f(a) = a**2 - a - a + a. List the prime factors of f(-3).
2, 3
Let k = 2 - 2. Let j be -1 + (1 - k) + 0. Suppose 5*u - 2*y - 63 = j, 3*u + y + y = 25. What are the prime factors of u?
11
Let h(n)